ded by 660?
293
Calculate the remainder when 39634 is divided by 1909.
1454
Calculate the remainder when 1678729 is divided by 11822.
5
Calculate the remainder when 307200 is divided by 6400.
0
What is the remainder when 3967168 is divided by 2481?
49
What is the remainder when 97453 is divided by 1992?
1837
Calculate the remainder when 451896 is divided by 1357.
15
What is the remainder when 7042558 is divided by 71?
68
Calculate the remainder when 173505 is divided by 80789.
11927
What is the remainder when 1187682 is divided by 1682?
190
Calculate the remainder when 11774545 is divided by 333.
331
What is the remainder when 15642 is divided by 83?
38
Calculate the remainder when 34082 is divided by 33010.
1072
Calculate the remainder when 703111 is divided by 703099.
12
Calculate the remainder when 938180 is divided by 3270.
2960
What is the remainder when 5952035 is divided by 12637?
8
What is the remainder when 91766 is divided by 380?
186
Calculate the remainder when 22786911 is divided by 786.
771
What is the remainder when 64975512 is divided by 519804?
12
What is the remainder when 2000909 is divided by 95281?
8
What is the remainder when 7804586 is divided by 278734?
34
Calculate the remainder when 919067 is divided by 746.
741
What is the remainder when 230893 is divided by 115168?
557
Calculate the remainder when 145496 is divided by 84.
8
Calculate the remainder when 2464613 is divided by 5953.
71
What is the remainder when 4688385 is divided by 520914?
159
What is the remainder when 19725380 is divided by 3797?
3762
What is the remainder when 162480 is divided by 40547?
292
Calculate the remainder when 160658 is divided by 835.
338
Calculate the remainder when 172268 is divided by 14268.
1052
Calculate the remainder when 381895 is divided by 13222.
11679
What is the remainder when 51643775 is divided by 40?
15
Calculate the remainder when 10829061 is divided by 166.
51
Calculate the remainder when 193359 is divided by 3644.
227
What is the remainder when 102389 is divided by 788?
737
Calculate the remainder when 1383877 is divided by 5839.
34
Calculate the remainder when 83633 is divided by 13584.
2129
Calculate the remainder when 7667097 is divided by 63.
60
Calculate the remainder when 9836017 is divided by 756614.
35
Calculate the remainder when 3300422 is divided by 19763.
1
What is the remainder when 574691 is divided by 19814?
85
Calculate the remainder when 389667 is divided by 545.
537
What is the remainder when 12082128 is divided by 1729?
1605
Calculate the remainder when 18714471 is divided by 22.
17
Calculate the remainder when 382227 is divided by 63675.
177
What is the remainder when 765960 is divided by 75?
60
What is the remainder when 4500006 is divided by 2478?
2436
Calculate the remainder when 1324251 is divided by 50.
1
Calculate the remainder when 75626511 is divided by 155.
151
Calculate the remainder when 598796 is divided by 133.
30
Calculate the remainder when 24654 is divided by 1743.
252
Calculate the remainder when 142766 is divided by 7120.
366
Calculate the remainder when 5178215 is divided by 71919.
47
Calculate the remainder when 3801170 is divided by 94.
92
Calculate the remainder when 3253617 is divided by 27573.
3
Calculate the remainder when 268946265 is divided by 276.
273
What is the remainder when 107895863 is divided by 992?
983
Calculate the remainder when 1549443 is divided by 972.
75
What is the remainder when 830798983 is divided by 115?
113
What is the remainder when 83286 is divided by 2985?
2691
What is the remainder when 1871279 is divided by 113?
112
What is the remainder when 31500077 is divided by 36?
5
What is the remainder when 7256 is divided by 2399?
59
What is the remainder when 70260650 is divided by 446?
40
Calculate the remainder when 5137649 is divided by 42.
41
Calculate the remainder when 39911794 is divided by 1596471.
19
Calculate the remainder when 173405 is divided by 6589.
2091
Calculate the remainder when 5145922 is divided by 643223.
138
Calculate the remainder when 24854 is divided by 12039.
776
Calculate the remainder when 745956 is divided by 43874.
98
Calculate the remainder when 933334 is divided by 3286.
110
Calculate the remainder when 136968 is divided by 232.
88
What is the remainder when 2937389 is divided by 145?
124
Calculate the remainder when 234734 is divided by 978.
14
Calculate the remainder when 13621 is divided by 2616.
541
What is the remainder when 700392 is divided by 700378?
14
What is the remainder when 76485 is divided by 19103?
73
What is the remainder when 524104 is divided by 12520?
10784
What is the remainder when 4165309 is divided by 1588?
1573
Calculate the remainder when 1412 is divided by 477.
458
Calculate the remainder when 12979792 is divided by 1187.
1134
Calculate the remainder when 20699860 is divided by 13.
12
What is the remainder when 75461 is divided by 25043?
332
What is the remainder when 820477 is divided by 820279?
198
What is the remainder when 609754 is divided by 21776?
26
Calculate the remainder when 1204347 is divided by 178.
177
What is the remainder when 3475266 is divided by 31307?
189
What is the remainder when 257141914 is divided by 438?
436
Calculate the remainder when 452322 is divided by 7214.
5054
Calculate the remainder when 9132441 is divided by 1634.
15
What is the remainder when 894478 is divided by 2506?
2342
What is the remainder when 589298 is divided by 23?
15
Calculate the remainder when 80992 is divided by 1324.
228
Calculate the remainder when 18747885 is divided by 60477.
15
Calculate the remainder when 168836666 is divided by 84418332.
2
Calculate the remainder when 26012245 is divided by 29968.
21
What is the remainder when 450158 is divided by 245?
93
What is the remainder when 4603045 is divided by 965?
960
Calculate the remainder when 80858989 is divided by 1424.
1421
Calculate the remainder when 147142 is divided by 49002.
136
What is the remainder when 324021 is divided by 159531?
4959
Calculate the remainder when 25011566 is divided by 122.
102
What is the remainder when 2928468463 is divided by 8038?
8037
Calculate the remainder when 6219970 is divided by 1201.
1192
Calculate the remainder when 117866053 is divided by 3683314.
5
Calculate the remainder when 23671713 is divided by 58.
57
What is the remainder when 205428 is divided by 874?
38
What is the remainder when 5827056 is divided by 84?
60
What is the remainder when 126872 is divided by 15764?
760
Calculate the remainder when 342691 is divided by 354.
19
What is the remainder when 454298 is divided by 94?
90
What is the remainder when 42632391 is divided by 10909?
19
What is the remainder when 100952 is divided by 655?
82
What is the remainder when 208223 is divided by 741?
2
Calculate the remainder when 150317 is divided by 10021.
2
Calculate the remainder when 347272271 is divided by 115757419.
14
What is the remainder when 167740471 is divided by 92572?
7
What is the remainder when 2133301 is divided by 46?
5
Calculate the remainder when 113896 is divided by 10143.
2323
Calculate the remainder when 10564586 is divided by 213.
212
What is the remainder when 636150 is divided by 318007?
136
What is the remainder when 1469006 is divided by 298?
164
Calculate the remainder when 1203799 is divided by 868.
751
Calculate the remainder when 12108103 is divided by 172.
163
Calculate the remainder when 199223 is divided by 1.
0
What is the remainder when 1075990943 is divided by 29?
28
Calculate the remainder when 603239 is divided by 291.
287
Calculate the remainder when 259300 is divided by 1056.
580
What is the remainder when 1416511 is divided by 208?
31
What is the remainder when 145642 is divided by 68573?
8496
Calculate the remainder when 215320 is divided by 215045.
275
What is the remainder when 5947038 is divided by 7?
6
What is the remainder when 1599816 is divided by 190?
16
What is the remainder when 95797 is divided by 332?
181
Calculate the remainder when 273573 is divided by 2532.
117
Calculate the remainder when 23625 is divided by 1235.
160
What is the remainder when 922614 is divided by 6833?
159
Calculate the remainder when 634839 is divided by 6157.
668
What is the remainder when 3868442 is divided by 49